{"id":211,"date":"2024-12-07T11:33:41","date_gmt":"2024-12-07T11:33:41","guid":{"rendered":"https:\/\/heppel-mode.de\/?page_id=211"},"modified":"2024-12-08T11:52:50","modified_gmt":"2024-12-08T11:52:50","slug":"impressum","status":"publish","type":"page","link":"https:\/\/heppel-mode.de\/index.php\/impressum\/","title":{"rendered":"Impressum"},"content":{"rendered":"\t\t<div data-elementor-type=\"wp-page\" data-elementor-id=\"211\" class=\"elementor elementor-211\">\n\t\t\t\t<div class=\"elementor-element elementor-element-9a06ba5 e-flex e-con-boxed e-con e-parent\" data-id=\"9a06ba5\" data-element_type=\"container\">\n\t\t\t\t\t<div class=\"e-con-inner\">\n\t\t\t\t<div class=\"elementor-element elementor-element-fa84710 elementor-widget elementor-widget-spacer\" data-id=\"fa84710\" data-element_type=\"widget\" data-widget_type=\"spacer.default\">\n\t\t\t\t<div class=\"elementor-widget-container\">\n\t\t\t\t\t<div class=\"elementor-spacer\">\n\t\t\t<div class=\"elementor-spacer-inner\"><\/div>\n\t\t<\/div>\n\t\t\t\t<\/div>\n\t\t\t\t<\/div>\n\t\t\t\t\t<\/div>\n\t\t\t\t<\/div>\n\t\t<div class=\"elementor-element elementor-element-6e39da4 e-flex e-con-boxed e-con e-parent\" data-id=\"6e39da4\" data-element_type=\"container\">\n\t\t\t\t\t<div class=\"e-con-inner\">\n\t\t\t\t<div class=\"elementor-element elementor-element-00a6321 elementor-widget elementor-widget-heading\" data-id=\"00a6321\" data-element_type=\"widget\" data-widget_type=\"heading.default\">\n\t\t\t\t<div class=\"elementor-widget-container\">\n\t\t\t<h1 class=\"elementor-heading-title elementor-size-default\">Impressum<\/h1>\t\t<\/div>\n\t\t\t\t<\/div>\n\t\t\t\t\t<\/div>\n\t\t\t\t<\/div>\n\t\t<div class=\"elementor-element elementor-element-b62eb03 e-flex e-con-boxed e-con e-parent\" data-id=\"b62eb03\" data-element_type=\"container\">\n\t\t\t\t\t<div class=\"e-con-inner\">\n\t\t\t\t<div class=\"elementor-element elementor-element-c7c79d4 elementor-widget elementor-widget-spacer\" data-id=\"c7c79d4\" data-element_type=\"widget\" data-widget_type=\"spacer.default\">\n\t\t\t\t<div class=\"elementor-widget-container\">\n\t\t\t\t\t<div class=\"elementor-spacer\">\n\t\t\t<div class=\"elementor-spacer-inner\"><\/div>\n\t\t<\/div>\n\t\t\t\t<\/div>\n\t\t\t\t<\/div>\n\t\t\t\t\t<\/div>\n\t\t\t\t<\/div>\n\t\t<div class=\"elementor-element elementor-element-78a7b207 e-flex e-con-boxed e-con e-parent\" data-id=\"78a7b207\" data-element_type=\"container\">\n\t\t\t\t\t<div class=\"e-con-inner\">\n\t\t\t\t<div class=\"elementor-element elementor-element-329fcc27 elementor-widget elementor-widget-text-editor\" data-id=\"329fcc27\" data-element_type=\"widget\" data-widget_type=\"text-editor.default\">\n\t\t\t\t<div class=\"elementor-widget-container\">\n\t\t\t\t\t\t\t<!-- wp:heading -->\n<h3 style=\"text-align: center;\"><b>Angaben gem\u00e4\u00df \u00a75 TMG:<\/b><\/h3>\n<p style=\"text-align: center;\">Heppel GmbH<br \/>Marktplatz 2<br \/>94107 Untergriesbach, Germany<\/p>\n<p style=\"text-align: center;\">\u00a0<\/p>\n<p style=\"text-align: center;\"><b>Vertreten durch:<\/b><\/p>\n<p style=\"text-align: center;\">Gesch\u00e4ftsf\u00fchrer: Stefan Heppel<\/p>\n<p style=\"text-align: center;\">\u00a0<\/p>\n<p style=\"text-align: center;\"><b>Kontakt:<\/b><\/p>\n<p style=\"text-align: center;\">Telefon: +49 85 93 &#8211; 254<br \/>E-Mail: <a href=\"mailto:info@heppel-mode.de\">info@heppel-mode.de<\/a><\/p>\n<p style=\"text-align: center;\"><b>Registereintrag:<\/b><\/p>\n<p style=\"text-align: center;\">Eintragung im Handelsregister. <br \/>Registergericht: Registergericht Passau<br \/>Registernummer: 3745<\/p>\n<p style=\"text-align: center;\">\u00a0<\/p>\n<p style=\"text-align: center;\"><b>Umsatzsteuer:<\/b><\/p>\n<p style=\"text-align: center;\">Umsatzsteuer-Identifikationsnummer gem\u00e4\u00df \u00a727 a Umsatzsteuergesetz:<br \/>DE205062211<\/p>\n<p style=\"text-align: center;\">\u00a0<\/p>\n<p style=\"text-align: center;\"><b>Verantwortlich f\u00fcr den Inhalt nach \u00a7 55 Abs. 2 RStV:<\/b><\/p>\n<p style=\"text-align: center;\">Stefan Heppel<br \/>Marktplatz 2<br \/>94107 Untergriesbach, Germany<\/p>\n<p style=\"text-align: center;\">\u00a0<\/p>\n<p style=\"text-align: center;\"><b>Fotos<\/b><\/p>\n<p style=\"text-align: center;\">Heppel GmbH, PROdesigner &#8211; Reinhard Pilsl, pixabay, stock.adobe.com<\/p>\n<p style=\"text-align: center;\">\u00a0<\/p>\n<p style=\"text-align: center;\"><b>Streitschlichtung<\/b><\/p>\n<p style=\"text-align: center;\">Die Europ\u00e4ische Kommission stellt eine Plattform zur Online-Streitbeilegung (OS) bereit: <a href=\"https:\/\/ec.europa.eu\/consumers\/odr\">https:\/\/ec.europa.eu\/consumers\/odr<\/a>.<br \/>Unsere E-Mail-Adresse finden Sie oben im Impressum.<\/p>\n<p style=\"text-align: center;\">Wir sind nicht bereit oder verpflichtet, an Streitbeilegungsverfahren vor einer Verbraucherschlichtungsstelle teilzunehmen.<\/p>\n<p style=\"text-align: center;\">\u00a0<\/p>\n<p style=\"text-align: center;\"><b>Haftung f\u00fcr Inhalte<\/b><\/p>\n<p style=\"text-align: center;\">Als Diensteanbieter sind wir gem\u00e4\u00df \u00a7 7 Abs.1 TMG f\u00fcr eigene Inhalte auf diesen Seiten nach den allgemeinen Gesetzen verantwortlich. Nach \u00a7\u00a7 8 bis 10 TMG sind wir als Diensteanbieter jedoch nicht verpflichtet, \u00fcbermittelte oder gespeicherte fremde Informationen zu \u00fcberwachen oder nach Umst\u00e4nden zu forschen, die auf eine rechtswidrige T\u00e4tigkeit hinweisen.<\/p>\n<p style=\"text-align: center;\">Verpflichtungen zur Entfernung oder Sperrung der Nutzung von Informationen nach den allgemeinen Gesetzen bleiben hiervon unber\u00fchrt. Eine diesbez\u00fcgliche Haftung ist jedoch erst ab dem Zeitpunkt der Kenntnis einer konkreten Rechtsverletzung m\u00f6glich. Bei Bekanntwerden von entsprechenden Rechtsverletzungen werden wir diese Inhalte umgehend entfernen.<\/p>\n<p style=\"text-align: center;\">\u00a0<\/p>\n<p style=\"text-align: center;\"><b>Haftung f\u00fcr Links<\/b><\/p>\n<p style=\"text-align: center;\">Unser Angebot enth\u00e4lt Links zu externen Websites Dritter, auf deren Inhalte wir keinen Einfluss haben. Deshalb k\u00f6nnen wir f\u00fcr diese fremden Inhalte auch keine Gew\u00e4hr \u00fcbernehmen. F\u00fcr die Inhalte der verlinkten Seiten ist stets der jeweilige Anbieter oder Betreiber der Seiten verantwortlich. Die verlinkten Seiten wurden zum Zeitpunkt der Verlinkung auf m\u00f6gliche Rechtsverst\u00f6\u00dfe \u00fcberpr\u00fcft. Rechtswidrige Inhalte waren zum Zeitpunkt der Verlinkung nicht erkennbar.<\/p>\n<p style=\"text-align: center;\">Eine permanente inhaltliche Kontrolle der verlinkten Seiten ist jedoch ohne konkrete Anhaltspunkte einer Rechtsverletzung nicht zumutbar. Bei Bekanntwerden von Rechtsverletzungen werden wir derartige Links umgehend entfernen.<\/p>\n<p style=\"text-align: center;\">\u00a0<\/p>\n<p style=\"text-align: center;\"><b>Urheberrecht<\/b><\/p>\n<p style=\"text-align: center;\">Die durch die Seitenbetreiber erstellten Inhalte und Werke auf diesen Seiten unterliegen dem deutschen Urheberrecht. Die Vervielf\u00e4ltigung, Bearbeitung, Verbreitung und jede Art der Verwertung au\u00dferhalb der Grenzen des Urheberrechtes bed\u00fcrfen der schriftlichen Zustimmung des jeweiligen Autors bzw. Erstellers. Downloads und Kopien dieser Seite sind nur f\u00fcr den privaten, nicht kommerziellen Gebrauch gestattet.<\/p>\n<p style=\"text-align: center;\">Soweit die Inhalte auf dieser Seite nicht vom Betreiber erstellt wurden, werden die Urheberrechte Dritter beachtet. Insbesondere werden Inhalte Dritter als solche gekennzeichnet. Sollten Sie trotzdem auf eine Urheberrechtsverletzung aufmerksam werden, bitten wir um einen entsprechenden Hinweis. Bei Bekanntwerden von Rechtsverletzungen werden wir derartige Inhalte umgehend entfernen.<\/p>\t\t\t\t\t\t<\/div>\n\t\t\t\t<\/div>\n\t\t\t\t\t<\/div>\n\t\t\t\t<\/div>\n\t\t<div class=\"elementor-element elementor-element-3e91b8e e-flex e-con-boxed e-con e-parent\" data-id=\"3e91b8e\" data-element_type=\"container\">\n\t\t\t\t\t<div class=\"e-con-inner\">\n\t\t\t\t<div class=\"elementor-element elementor-element-852fbff elementor-widget elementor-widget-spacer\" data-id=\"852fbff\" data-element_type=\"widget\" data-widget_type=\"spacer.default\">\n\t\t\t\t<div class=\"elementor-widget-container\">\n\t\t\t\t\t<div class=\"elementor-spacer\">\n\t\t\t<div class=\"elementor-spacer-inner\"><\/div>\n\t\t<\/div>\n\t\t\t\t<\/div>\n\t\t\t\t<\/div>\n\t\t\t\t\t<\/div>\n\t\t\t\t<\/div>\n\t\t\t\t<\/div>\n\t\t","protected":false},"excerpt":{"rendered":"<p>Impressum Angaben gem\u00e4\u00df \u00a75 TMG: Heppel GmbHMarktplatz 294107 Untergriesbach, Germany \u00a0 Vertreten durch: Gesch\u00e4ftsf\u00fchrer: Stefan Heppel \u00a0 Kontakt: Telefon: +49 85 93 &#8211; 254E-Mail: info@heppel-mode.de Registereintrag: Eintragung im Handelsregister. Registergericht: Registergericht PassauRegisternummer: 3745 \u00a0 Umsatzsteuer: Umsatzsteuer-Identifikationsnummer gem\u00e4\u00df \u00a727 a Umsatzsteuergesetz:DE205062211 \u00a0 Verantwortlich f\u00fcr den Inhalt nach \u00a7 55 Abs. 2 RStV: Stefan HeppelMarktplatz 294107 Untergriesbach, [&hellip;]<\/p>\n","protected":false},"author":1,"featured_media":0,"parent":0,"menu_order":0,"comment_status":"closed","ping_status":"closed","template":"","meta":{"ocean_post_layout":"full-screen","ocean_both_sidebars_style":"","ocean_both_sidebars_content_width":0,"ocean_both_sidebars_sidebars_width":0,"ocean_sidebar":"","ocean_second_sidebar":"","ocean_disable_margins":"enable","ocean_add_body_class":"","ocean_shortcode_before_top_bar":"","ocean_shortcode_after_top_bar":"","ocean_shortcode_before_header":"","ocean_shortcode_after_header":"","ocean_has_shortcode":"","ocean_shortcode_after_title":"","ocean_shortcode_before_footer_widgets":"","ocean_shortcode_after_footer_widgets":"","ocean_shortcode_before_footer_bottom":"","ocean_shortcode_after_footer_bottom":"","ocean_display_top_bar":"off","ocean_display_header":"default","ocean_header_style":"","ocean_center_header_left_menu":"","ocean_custom_header_template":"","ocean_custom_logo":0,"ocean_custom_retina_logo":0,"ocean_custom_logo_max_width":0,"ocean_custom_logo_tablet_max_width":0,"ocean_custom_logo_mobile_max_width":0,"ocean_custom_logo_max_height":0,"ocean_custom_logo_tablet_max_height":0,"ocean_custom_logo_mobile_max_height":0,"ocean_header_custom_menu":"","ocean_menu_typo_font_family":"","ocean_menu_typo_font_subset":"","ocean_menu_typo_font_size":0,"ocean_menu_typo_font_size_tablet":0,"ocean_menu_typo_font_size_mobile":0,"ocean_menu_typo_font_size_unit":"px","ocean_menu_typo_font_weight":"","ocean_menu_typo_font_weight_tablet":"","ocean_menu_typo_font_weight_mobile":"","ocean_menu_typo_transform":"","ocean_menu_typo_transform_tablet":"","ocean_menu_typo_transform_mobile":"","ocean_menu_typo_line_height":0,"ocean_menu_typo_line_height_tablet":0,"ocean_menu_typo_line_height_mobile":0,"ocean_menu_typo_line_height_unit":"","ocean_menu_typo_spacing":0,"ocean_menu_typo_spacing_tablet":0,"ocean_menu_typo_spacing_mobile":0,"ocean_menu_typo_spacing_unit":"","ocean_menu_link_color":"","ocean_menu_link_color_hover":"","ocean_menu_link_color_active":"","ocean_menu_link_background":"","ocean_menu_link_hover_background":"","ocean_menu_link_active_background":"","ocean_menu_social_links_bg":"","ocean_menu_social_hover_links_bg":"","ocean_menu_social_links_color":"","ocean_menu_social_hover_links_color":"","ocean_disable_title":"on","ocean_disable_heading":"default","ocean_post_title":"","ocean_post_subheading":"","ocean_post_title_style":"","ocean_post_title_background_color":"","ocean_post_title_background":0,"ocean_post_title_bg_image_position":"","ocean_post_title_bg_image_attachment":"","ocean_post_title_bg_image_repeat":"","ocean_post_title_bg_image_size":"","ocean_post_title_height":0,"ocean_post_title_bg_overlay":0.5,"ocean_post_title_bg_overlay_color":"","ocean_disable_breadcrumbs":"default","ocean_breadcrumbs_color":"","ocean_breadcrumbs_separator_color":"","ocean_breadcrumbs_links_color":"","ocean_breadcrumbs_links_hover_color":"","ocean_display_footer_widgets":"off","ocean_display_footer_bottom":"default","ocean_custom_footer_template":"","footnotes":""},"class_list":["post-211","page","type-page","status-publish","hentry","entry"],"_links":{"self":[{"href":"https:\/\/heppel-mode.de\/index.php\/wp-json\/wp\/v2\/pages\/211","targetHints":{"allow":["GET"]}}],"collection":[{"href":"https:\/\/heppel-mode.de\/index.php\/wp-json\/wp\/v2\/pages"}],"about":[{"href":"https:\/\/heppel-mode.de\/index.php\/wp-json\/wp\/v2\/types\/page"}],"author":[{"embeddable":true,"href":"https:\/\/heppel-mode.de\/index.php\/wp-json\/wp\/v2\/users\/1"}],"replies":[{"embeddable":true,"href":"https:\/\/heppel-mode.de\/index.php\/wp-json\/wp\/v2\/comments?post=211"}],"version-history":[{"count":7,"href":"https:\/\/heppel-mode.de\/index.php\/wp-json\/wp\/v2\/pages\/211\/revisions"}],"predecessor-version":[{"id":248,"href":"https:\/\/heppel-mode.de\/index.php\/wp-json\/wp\/v2\/pages\/211\/revisions\/248"}],"wp:attachment":[{"href":"https:\/\/heppel-mode.de\/index.php\/wp-json\/wp\/v2\/media?parent=211"}],"curies":[{"name":"wp","href":"https:\/\/api.w.org\/{rel}","templated":true}]}}

<div data-elementor-type="wp-page" data-elementor-id="211" class="elementor elementor-211">
				<div class="elementor-element elementor-element-9a06ba5 e-flex e-con-boxed e-con e-parent" data-id="9a06ba5" data-element_type="container">
					<div class="e-con-inner">
				<div class="elementor-element elementor-element-fa84710 elementor-widget elementor-widget-spacer" data-id="fa84710" data-element_type="widget" data-widget_type="spacer.default">
				<div class="elementor-widget-container">
					<div class="elementor-spacer">
			<div class="elementor-spacer-inner"></div>
		</div>
				</div>
				</div>
					</div>
				</div>
		<div class="elementor-element elementor-element-6e39da4 e-flex e-con-boxed e-con e-parent" data-id="6e39da4" data-element_type="container">
					<div class="e-con-inner">
				<div class="elementor-element elementor-element-00a6321 elementor-widget elementor-widget-heading" data-id="00a6321" data-element_type="widget" data-widget_type="heading.default">
				<div class="elementor-widget-container">
			<h1 class="elementor-heading-title elementor-size-default">Impressum</h1>		</div>
				</div>
					</div>
				</div>
		<div class="elementor-element elementor-element-b62eb03 e-flex e-con-boxed e-con e-parent" data-id="b62eb03" data-element_type="container">
					<div class="e-con-inner">
				<div class="elementor-element elementor-element-c7c79d4 elementor-widget elementor-widget-spacer" data-id="c7c79d4" data-element_type="widget" data-widget_type="spacer.default">
				<div class="elementor-widget-container">
					<div class="elementor-spacer">
			<div class="elementor-spacer-inner"></div>
		</div>
				</div>
				</div>
					</div>
				</div>
		<div class="elementor-element elementor-element-78a7b207 e-flex e-con-boxed e-con e-parent" data-id="78a7b207" data-element_type="container">
					<div class="e-con-inner">
				<div class="elementor-element elementor-element-329fcc27 elementor-widget elementor-widget-text-editor" data-id="329fcc27" data-element_type="widget" data-widget_type="text-editor.default">
				<div class="elementor-widget-container">
							<!-- wp:heading -->
<h3 style="text-align: center;"><b>Angaben gemäß §5 TMG:</b></h3>
<p style="text-align: center;">Heppel GmbH<br />Marktplatz 2<br />94107 Untergriesbach, Germany</p>
<p style="text-align: center;"> </p>
<p style="text-align: center;"><b>Vertreten durch:</b></p>
<p style="text-align: center;">Geschäftsführer: Stefan Heppel</p>
<p style="text-align: center;"> </p>
<p style="text-align: center;"><b>Kontakt:</b></p>
<p style="text-align: center;">Telefon: +49 85 93 &#8211; 254<br />E-Mail: <a href="mailto:info@heppel-mode.de">info@heppel-mode.de</a></p>
<p style="text-align: center;"><b>Registereintrag:</b></p>
<p style="text-align: center;">Eintragung im Handelsregister. <br />Registergericht: Registergericht Passau<br />Registernummer: 3745</p>
<p style="text-align: center;"> </p>
<p style="text-align: center;"><b>Umsatzsteuer:</b></p>
<p style="text-align: center;">Umsatzsteuer-Identifikationsnummer gemäß §27 a Umsatzsteuergesetz:<br />DE205062211</p>
<p style="text-align: center;"> </p>
<p style="text-align: center;"><b>Verantwortlich für den Inhalt nach § 55 Abs. 2 RStV:</b></p>
<p style="text-align: center;">Stefan Heppel<br />Marktplatz 2<br />94107 Untergriesbach, Germany</p>
<p style="text-align: center;"> </p>
<p style="text-align: center;"><b>Fotos</b></p>
<p style="text-align: center;">Heppel GmbH, PROdesigner &#8211; Reinhard Pilsl, pixabay, stock.adobe.com</p>
<p style="text-align: center;"> </p>
<p style="text-align: center;"><b>Streitschlichtung</b></p>
<p style="text-align: center;">Die Europäische Kommission stellt eine Plattform zur Online-Streitbeilegung (OS) bereit: <a href="https://ec.europa.eu/consumers/odr">https://ec.europa.eu/consumers/odr</a>.<br />Unsere E-Mail-Adresse finden Sie oben im Impressum.</p>
<p style="text-align: center;">Wir sind nicht bereit oder verpflichtet, an Streitbeilegungsverfahren vor einer Verbraucherschlichtungsstelle teilzunehmen.</p>
<p style="text-align: center;"> </p>
<p style="text-align: center;"><b>Haftung für Inhalte</b></p>
<p style="text-align: center;">Als Diensteanbieter sind wir gemäß § 7 Abs.1 TMG für eigene Inhalte auf diesen Seiten nach den allgemeinen Gesetzen verantwortlich. Nach §§ 8 bis 10 TMG sind wir als Diensteanbieter jedoch nicht verpflichtet, übermittelte oder gespeicherte fremde Informationen zu überwachen oder nach Umständen zu forschen, die auf eine rechtswidrige Tätigkeit hinweisen.</p>
<p style="text-align: center;">Verpflichtungen zur Entfernung oder Sperrung der Nutzung von Informationen nach den allgemeinen Gesetzen bleiben hiervon unberührt. Eine diesbezügliche Haftung ist jedoch erst ab dem Zeitpunkt der Kenntnis einer konkreten Rechtsverletzung möglich. Bei Bekanntwerden von entsprechenden Rechtsverletzungen werden wir diese Inhalte umgehend entfernen.</p>
<p style="text-align: center;"> </p>
<p style="text-align: center;"><b>Haftung für Links</b></p>
<p style="text-align: center;">Unser Angebot enthält Links zu externen Websites Dritter, auf deren Inhalte wir keinen Einfluss haben. Deshalb können wir für diese fremden Inhalte auch keine Gewähr übernehmen. Für die Inhalte der verlinkten Seiten ist stets der jeweilige Anbieter oder Betreiber der Seiten verantwortlich. Die verlinkten Seiten wurden zum Zeitpunkt der Verlinkung auf mögliche Rechtsverstöße überprüft. Rechtswidrige Inhalte waren zum Zeitpunkt der Verlinkung nicht erkennbar.</p>
<p style="text-align: center;">Eine permanente inhaltliche Kontrolle der verlinkten Seiten ist jedoch ohne konkrete Anhaltspunkte einer Rechtsverletzung nicht zumutbar. Bei Bekanntwerden von Rechtsverletzungen werden wir derartige Links umgehend entfernen.</p>
<p style="text-align: center;"> </p>
<p style="text-align: center;"><b>Urheberrecht</b></p>
<p style="text-align: center;">Die durch die Seitenbetreiber erstellten Inhalte und Werke auf diesen Seiten unterliegen dem deutschen Urheberrecht. Die Vervielfältigung, Bearbeitung, Verbreitung und jede Art der Verwertung außerhalb der Grenzen des Urheberrechtes bedürfen der schriftlichen Zustimmung des jeweiligen Autors bzw. Erstellers. Downloads und Kopien dieser Seite sind nur für den privaten, nicht kommerziellen Gebrauch gestattet.</p>
<p style="text-align: center;">Soweit die Inhalte auf dieser Seite nicht vom Betreiber erstellt wurden, werden die Urheberrechte Dritter beachtet. Insbesondere werden Inhalte Dritter als solche gekennzeichnet. Sollten Sie trotzdem auf eine Urheberrechtsverletzung aufmerksam werden, bitten wir um einen entsprechenden Hinweis. Bei Bekanntwerden von Rechtsverletzungen werden wir derartige Inhalte umgehend entfernen.</p>						</div>
				</div>
					</div>
				</div>
		<div class="elementor-element elementor-element-3e91b8e e-flex e-con-boxed e-con e-parent" data-id="3e91b8e" data-element_type="container">
					<div class="e-con-inner">
				<div class="elementor-element elementor-element-852fbff elementor-widget elementor-widget-spacer" data-id="852fbff" data-element_type="widget" data-widget_type="spacer.default">
				<div class="elementor-widget-container">
					<div class="elementor-spacer">
			<div class="elementor-spacer-inner"></div>
		</div>
				</div>
				</div>
					</div>
				</div>
				</div>

<p>Impressum Angaben gemäß §5 TMG: Heppel GmbHMarktplatz 294107 Untergriesbach, Germany   Vertreten durch: Geschäftsführer: Stefan Heppel   Kontakt: Telefon: +49 85 93 &#8211; 254E-Mail: info@heppel-mode.de Registereintrag: Eintragung im Handelsregister. Registergericht: Registergericht PassauRegisternummer: 3745   Umsatzsteuer: Umsatzsteuer-Identifikationsnummer gemäß §27 a Umsatzsteuergesetz:DE205062211   Verantwortlich für den Inhalt nach § 55 Abs. 2 RStV: Stefan HeppelMarktplatz 294107 Untergriesbach, [&hellip;]</p>
